{"id":2,"date":"2016-05-10T03:48:21","date_gmt":"2016-05-10T03:48:21","guid":{"rendered":"http:\/\/em-showtechnic.de\/?page_id=2"},"modified":"2017-03-09T10:23:50","modified_gmt":"2017-03-09T10:23:50","slug":"sample-page","status":"publish","type":"page","link":"http:\/\/em-showtechnic.de\/?page_id=2","title":{"rendered":"EM Showtechnic   Erfahrung und Kompetenz seit mehr als 20 Jahren"},"content":{"rendered":"<p><strong>Sie suchen jemanden der Ihre Veranstaltung im Bereich Licht, Video und Tontechnik betreut?<\/strong><\/p>\n<p><strong>Sie m\u00f6chten eine Sprachbeschallung in einem kleinen Saal, oder einen gr\u00f6\u00dferen Saal, Halle, Festzelt oder \u00e4hnliches?<\/strong><\/p>\n<p>Dann sind Sie bei uns Richtig.<\/p>\n<ul>\n<li>Wir haben die passende L\u00f6sung. Angefangen von der kleinen Beschallungsanlage bis zur gro\u00dfen Anlage mit Delayline realisieren wir Ihren Wunsch.<\/li>\n<li>Auch Videoprojektion auf Gro\u00dfleinw\u00e4nden oder Videow\u00e4nden sind m\u00f6glich, f\u00fcr z.B. Film, Bild und Pr\u00e4sentationen.<\/li>\n<li>Wir setzen Ihre Veranstaltung auch ins richtige Licht wenn Sie m\u00f6chten. Ob eine dezente Beleuchtung oder eine Show, es ist vieles m\u00f6glich.<\/li>\n<\/ul>\n<p><strong>Sie planen eine Veranstaltung und ben\u00f6tigen eine B\u00fchne?<\/strong><\/p>\n<ul>\n<li>Diverse Gr\u00f6\u00dfen sind machbar. Alle B\u00fchnen werden vor der Veranstaltung abgenommen und entsprechen den gesetzlichen Vorgaben. Das gilt \u00fcbrigens f\u00fcr das komplette Material was wir einsetzen.<\/li>\n<\/ul>\n<p><strong>Sie suchen eine passende Band oder K\u00fcnstler?<\/strong><\/p>\n<ul>\n<li>Fragen Sie uns doch einfach mal.<\/li>\n<\/ul>\n<p><strong>Ihr seid eine Band und habt nicht das passende Equipment?<\/strong><\/p>\n<ul>\n<li>Wir helfen euch.<\/li>\n<li>Von kleinen bis gro\u00dfen Show\u00b4s stehen wir euch zur Seite.<\/li>\n<li>Ihr ben\u00f6tigt eine PA oder Licht, dann fragt doch einfach mal an. Ihr bekommt immer einen oder mehrere Techniker mit, so dass Ihr euch\u00a0 ganz locker auf euer Konzert konzentrieren k\u00f6nnt.<\/li>\n<\/ul>\n","protected":false},"excerpt":{"rendered":"<p>Sie suchen jemanden der Ihre Veranstaltung im Bereich Licht, Video und Tontechnik betreut? Sie m\u00f6chten eine Sprachbeschallung in einem kleinen Saal, oder einen gr\u00f6\u00dferen Saal, Halle, Festzelt oder \u00e4hnliches? Dann sind Sie bei uns Richtig. Wir haben die passende L\u00f6sung. Angefangen von der kleinen Beschallungsanlage bis zur gro\u00dfen Anlage mit <a class=\"read-more\" href=\"http:\/\/em-showtechnic.de\/?page_id=2\">Weiterlesen<\/a><\/p>\n","protected":false},"author":1,"featured_media":0,"parent":0,"menu_order":0,"comment_status":"closed","ping_status":"open","template":"","meta":{"footnotes":""},"class_list":["post-2","page","type-page","status-publish","hentry"],"_links":{"self":[{"href":"http:\/\/em-showtechnic.de\/index.php?rest_route=\/wp\/v2\/pages\/2","targetHints":{"allow":["GET"]}}],"collection":[{"href":"http:\/\/em-showtechnic.de\/index.php?rest_route=\/wp\/v2\/pages"}],"about":[{"href":"http:\/\/em-showtechnic.de\/index.php?rest_route=\/wp\/v2\/types\/page"}],"author":[{"embeddable":true,"href":"http:\/\/em-showtechnic.de\/index.php?rest_route=\/wp\/v2\/users\/1"}],"replies":[{"embeddable":true,"href":"http:\/\/em-showtechnic.de\/index.php?rest_route=%2Fwp%2Fv2%2Fcomments&post=2"}],"version-history":[{"count":4,"href":"http:\/\/em-showtechnic.de\/index.php?rest_route=\/wp\/v2\/pages\/2\/revisions"}],"predecessor-version":[{"id":120,"href":"http:\/\/em-showtechnic.de\/index.php?rest_route=\/wp\/v2\/pages\/2\/revisions\/120"}],"wp:attachment":[{"href":"http:\/\/em-showtechnic.de\/index.php?rest_route=%2Fwp%2Fv2%2Fmedia&parent=2"}],"curies":[{"name":"wp","href":"https:\/\/api.w.org\/{rel}","templated":true}]}}

<p><strong>Sie suchen jemanden der Ihre Veranstaltung im Bereich Licht, Video und Tontechnik betreut?</strong></p>
<p><strong>Sie möchten eine Sprachbeschallung in einem kleinen Saal, oder einen größeren Saal, Halle, Festzelt oder ähnliches?</strong></p>
<p>Dann sind Sie bei uns Richtig.</p>
<ul>
<li>Wir haben die passende Lösung. Angefangen von der kleinen Beschallungsanlage bis zur großen Anlage mit Delayline realisieren wir Ihren Wunsch.</li>
<li>Auch Videoprojektion auf Großleinwänden oder Videowänden sind möglich, für z.B. Film, Bild und Präsentationen.</li>
<li>Wir setzen Ihre Veranstaltung auch ins richtige Licht wenn Sie möchten. Ob eine dezente Beleuchtung oder eine Show, es ist vieles möglich.</li>
</ul>
<p><strong>Sie planen eine Veranstaltung und benötigen eine Bühne?</strong></p>
<ul>
<li>Diverse Größen sind machbar. Alle Bühnen werden vor der Veranstaltung abgenommen und entsprechen den gesetzlichen Vorgaben. Das gilt übrigens für das komplette Material was wir einsetzen.</li>
</ul>
<p><strong>Sie suchen eine passende Band oder Künstler?</strong></p>
<ul>
<li>Fragen Sie uns doch einfach mal.</li>
</ul>
<p><strong>Ihr seid eine Band und habt nicht das passende Equipment?</strong></p>
<ul>
<li>Wir helfen euch.</li>
<li>Von kleinen bis großen Show´s stehen wir euch zur Seite.</li>
<li>Ihr benötigt eine PA oder Licht, dann fragt doch einfach mal an. Ihr bekommt immer einen oder mehrere Techniker mit, so dass Ihr euch  ganz locker auf euer Konzert konzentrieren könnt.</li>
</ul>

<p>Sie suchen jemanden der Ihre Veranstaltung im Bereich Licht, Video und Tontechnik betreut? Sie möchten eine Sprachbeschallung in einem kleinen Saal, oder einen größeren Saal, Halle, Festzelt oder ähnliches? Dann sind Sie bei uns Richtig. Wir haben die passende Lösung. Angefangen von der kleinen Beschallungsanlage bis zur großen Anlage mit <a class="read-more" href="http://em-showtechnic.de/?page_id=2">Weiterlesen</a></p>
